{"id":14107,"date":"2022-05-24T07:04:00","date_gmt":"2022-05-24T07:04:00","guid":{"rendered":"https:\/\/www.algebris.com\/?post_type=person&#038;p=14107"},"modified":"2025-02-19T11:08:57","modified_gmt":"2025-02-19T11:08:57","slug":"karolyn-jukic","status":"publish","type":"person","link":"https:\/\/www.algebris.com\/de\/algebris-team\/karolyn-jukic\/","title":{"rendered":"Karolyn Jukic"},"content":{"rendered":"\n<p>Karolyn kam als Business Development Director f\u00fcr DACH im Jahr 2022 zu Algebris. Im August 2023 wurde sie zum CEO des B\u00fcros von Algebris in Z\u00fcrich ernannt.<\/p>\n\n\n\n<p>Zuvor war Karolyn als Managing Director bei Capital Group t\u00e4tig, wo sie die Betreuung deutscher Finanzintermedi\u00e4re wie Banken, Dachfonds, Verm\u00f6gensverwalter, Versicherungsgesellschaften und Family Offices leitete. Vor ihrer T\u00e4tigkeit bei Capital Group war Karolyn \u00fcber 10 Jahre bei GAM als Executive Director f\u00fcr die Entwicklung der Vertriebsstrategie f\u00fcr Deutschland sowie f\u00fcr die Beziehungen des Unternehmens zu Intermedi\u00e4ren und institutionellen Kunden verantwortlich.<\/p>\n\n\n\n<p>Karolyn begann ihre Karriere bei der Deutschen Bank und verf\u00fcgt \u00fcber mehr als 25 Jahre Erfahrung in der deutschen Asset Management Branche.<\/p>\n\n\n\n<p>Karolyn spricht Deutsch, Englisch, Kroatisch und hat Grundkenntnisse in Franz\u00f6sisch. Sie liebt Reisen, Kunst, verschiedene Sportarten und kocht gerne f\u00fcr Familie und Freunde.<\/p>\n","protected":false},"featured_media":18600,"template":"","person_taxonomy":[198],"class_list":["post-14107","person","type-person","status-publish","has-post-thumbnail","hentry","person_taxonomy-business-development-de"],"acf":[],"yoast_head":"<!-- This site is optimized with the Yoast SEO plugin v27.1.1 - https:\/\/yoast.com\/product\/yoast-seo-wordpress\/ -->\n<title>Karolyn Jukic - Algebris Investments<\/title>\n<meta name=\"robots\" content=\"index, follow, max-snippet:-1, max-image-preview:large, max-video-preview:-1\" \/>\n<link rel=\"canonical\" href=\"https:\/\/www.algebris.com\/de\/algebris-team\/karolyn-jukic\/\" \/>\n<meta property=\"og:locale\" content=\"de_DE\" \/>\n<meta property=\"og:type\" content=\"article\" \/>\n<meta property=\"og:title\" content=\"Karolyn Jukic - Algebris Investments\" \/>\n<meta property=\"og:description\" content=\"Karolyn kam als Business Development Director f\u00fcr DACH im Jahr 2022 zu Algebris. Im August 2023 wurde sie zum CEO des B\u00fcros von Algebris in Z\u00fcrich ernannt. Zuvor war Karolyn als Managing Director bei Capital Group t\u00e4tig, wo sie die Betreuung deutscher Finanzintermedi\u00e4re wie Banken, Dachfonds, Verm\u00f6gensverwalter, Versicherungsgesellschaften und Family Offices leitete. Vor ihrer T\u00e4tigkeit [&hellip;]\" \/>\n<meta property=\"og:url\" content=\"https:\/\/www.algebris.com\/de\/algebris-team\/karolyn-jukic\/\" \/>\n<meta property=\"og:site_name\" content=\"Algebris Investments\" \/>\n<meta property=\"article:modified_time\" content=\"2025-02-19T11:08:57+00:00\" \/>\n<meta property=\"og:image\" content=\"https:\/\/media.algebris.com\/content\/Karolyn-Krekic_03_blackSquare.jpg\" \/>\n\t<meta property=\"og:image:width\" content=\"800\" \/>\n\t<meta property=\"og:image:height\" content=\"800\" \/>\n\t<meta property=\"og:image:type\" content=\"image\/jpeg\" \/>\n<meta name=\"twitter:card\" content=\"summary_large_image\" \/>\n<meta name=\"twitter:label1\" content=\"Est. reading time\" \/>\n\t<meta name=\"twitter:data1\" content=\"1 minute\" \/>\n<script type=\"application\/ld+json\" class=\"yoast-schema-graph\">{\"@context\":\"https:\/\/schema.org\",\"@graph\":[{\"@type\":\"WebPage\",\"@id\":\"https:\/\/www.algebris.com\/de\/algebris-team\/karolyn-jukic\/\",\"url\":\"https:\/\/www.algebris.com\/de\/algebris-team\/karolyn-jukic\/\",\"name\":\"Karolyn Jukic - Algebris Investments\",\"isPartOf\":{\"@id\":\"https:\/\/www.algebris.com\/de\/#website\"},\"primaryImageOfPage\":{\"@id\":\"https:\/\/www.algebris.com\/de\/algebris-team\/karolyn-jukic\/#primaryimage\"},\"image\":{\"@id\":\"https:\/\/www.algebris.com\/de\/algebris-team\/karolyn-jukic\/#primaryimage\"},\"thumbnailUrl\":\"https:\/\/media.algebris.com\/content\/Karolyn-Krekic_03_blackSquare.jpg\",\"datePublished\":\"2022-05-24T07:04:00+00:00\",\"dateModified\":\"2025-02-19T11:08:57+00:00\",\"breadcrumb\":{\"@id\":\"https:\/\/www.algebris.com\/de\/algebris-team\/karolyn-jukic\/#breadcrumb\"},\"inLanguage\":\"de-DE\",\"potentialAction\":[{\"@type\":\"ReadAction\",\"target\":[\"https:\/\/www.algebris.com\/de\/algebris-team\/karolyn-jukic\/\"]}]},{\"@type\":\"ImageObject\",\"inLanguage\":\"de-DE\",\"@id\":\"https:\/\/www.algebris.com\/de\/algebris-team\/karolyn-jukic\/#primaryimage\",\"url\":\"https:\/\/media.algebris.com\/content\/Karolyn-Krekic_03_blackSquare.jpg\",\"contentUrl\":\"https:\/\/media.algebris.com\/content\/Karolyn-Krekic_03_blackSquare.jpg\",\"width\":800,\"height\":800},{\"@type\":\"BreadcrumbList\",\"@id\":\"https:\/\/www.algebris.com\/de\/algebris-team\/karolyn-jukic\/#breadcrumb\",\"itemListElement\":[{\"@type\":\"ListItem\",\"position\":1,\"name\":\"Home\",\"item\":\"https:\/\/www.algebris.com\/de\/\"},{\"@type\":\"ListItem\",\"position\":2,\"name\":\"Team\",\"item\":\"https:\/\/www.algebris.com\/de\/algebris-team\/\"},{\"@type\":\"ListItem\",\"position\":3,\"name\":\"Karolyn Jukic\"}]},{\"@type\":\"WebSite\",\"@id\":\"https:\/\/www.algebris.com\/de\/#website\",\"url\":\"https:\/\/www.algebris.com\/de\/\",\"name\":\"Algebris Investments\",\"description\":\"\",\"publisher\":{\"@id\":\"https:\/\/www.algebris.com\/de\/#organization\"},\"potentialAction\":[{\"@type\":\"SearchAction\",\"target\":{\"@type\":\"EntryPoint\",\"urlTemplate\":\"https:\/\/www.algebris.com\/de\/?s={search_term_string}\"},\"query-input\":{\"@type\":\"PropertyValueSpecification\",\"valueRequired\":true,\"valueName\":\"search_term_string\"}}],\"inLanguage\":\"de-DE\"},{\"@type\":\"Organization\",\"@id\":\"https:\/\/www.algebris.com\/de\/#organization\",\"name\":\"Algebris Investments\",\"url\":\"https:\/\/www.algebris.com\/de\/\",\"logo\":{\"@type\":\"ImageObject\",\"inLanguage\":\"de-DE\",\"@id\":\"https:\/\/www.algebris.com\/de\/#\/schema\/logo\/image\/\",\"url\":\"https:\/\/media.algebris.com\/content\/cropped-logo1.png\",\"contentUrl\":\"https:\/\/media.algebris.com\/content\/cropped-logo1.png\",\"width\":250,\"height\":78,\"caption\":\"Algebris Investments\"},\"image\":{\"@id\":\"https:\/\/www.algebris.com\/de\/#\/schema\/logo\/image\/\"},\"sameAs\":[\"https:\/\/www.linkedin.com\/company\/algebris-investments\/about\/\",\"https:\/\/www.youtube.com\/channel\/UC_MiRdysidJhtSWRVxtH-3g\/featured\"]}]}<\/script>\n<!-- \/ Yoast SEO plugin. -->","yoast_head_json":{"title":"Karolyn Jukic - Algebris Investments","robots":{"index":"index","follow":"follow","max-snippet":"max-snippet:-1","max-image-preview":"max-image-preview:large","max-video-preview":"max-video-preview:-1"},"canonical":"https:\/\/www.algebris.com\/de\/algebris-team\/karolyn-jukic\/","og_locale":"de_DE","og_type":"article","og_title":"Karolyn Jukic - Algebris Investments","og_description":"Karolyn kam als Business Development Director f\u00fcr DACH im Jahr 2022 zu Algebris. Im August 2023 wurde sie zum CEO des B\u00fcros von Algebris in Z\u00fcrich ernannt. Zuvor war Karolyn als Managing Director bei Capital Group t\u00e4tig, wo sie die Betreuung deutscher Finanzintermedi\u00e4re wie Banken, Dachfonds, Verm\u00f6gensverwalter, Versicherungsgesellschaften und Family Offices leitete. Vor ihrer T\u00e4tigkeit [&hellip;]","og_url":"https:\/\/www.algebris.com\/de\/algebris-team\/karolyn-jukic\/","og_site_name":"Algebris Investments","article_modified_time":"2025-02-19T11:08:57+00:00","og_image":[{"width":800,"height":800,"url":"https:\/\/media.algebris.com\/content\/Karolyn-Krekic_03_blackSquare.jpg","type":"image\/jpeg"}],"twitter_card":"summary_large_image","twitter_misc":{"Est. reading time":"1 minute"},"schema":{"@context":"https:\/\/schema.org","@graph":[{"@type":"WebPage","@id":"https:\/\/www.algebris.com\/de\/algebris-team\/karolyn-jukic\/","url":"https:\/\/www.algebris.com\/de\/algebris-team\/karolyn-jukic\/","name":"Karolyn Jukic - Algebris Investments","isPartOf":{"@id":"https:\/\/www.algebris.com\/de\/#website"},"primaryImageOfPage":{"@id":"https:\/\/www.algebris.com\/de\/algebris-team\/karolyn-jukic\/#primaryimage"},"image":{"@id":"https:\/\/www.algebris.com\/de\/algebris-team\/karolyn-jukic\/#primaryimage"},"thumbnailUrl":"https:\/\/media.algebris.com\/content\/Karolyn-Krekic_03_blackSquare.jpg","datePublished":"2022-05-24T07:04:00+00:00","dateModified":"2025-02-19T11:08:57+00:00","breadcrumb":{"@id":"https:\/\/www.algebris.com\/de\/algebris-team\/karolyn-jukic\/#breadcrumb"},"inLanguage":"de-DE","potentialAction":[{"@type":"ReadAction","target":["https:\/\/www.algebris.com\/de\/algebris-team\/karolyn-jukic\/"]}]},{"@type":"ImageObject","inLanguage":"de-DE","@id":"https:\/\/www.algebris.com\/de\/algebris-team\/karolyn-jukic\/#primaryimage","url":"https:\/\/media.algebris.com\/content\/Karolyn-Krekic_03_blackSquare.jpg","contentUrl":"https:\/\/media.algebris.com\/content\/Karolyn-Krekic_03_blackSquare.jpg","width":800,"height":800},{"@type":"BreadcrumbList","@id":"https:\/\/www.algebris.com\/de\/algebris-team\/karolyn-jukic\/#breadcrumb","itemListElement":[{"@type":"ListItem","position":1,"name":"Home","item":"https:\/\/www.algebris.com\/de\/"},{"@type":"ListItem","position":2,"name":"Team","item":"https:\/\/www.algebris.com\/de\/algebris-team\/"},{"@type":"ListItem","position":3,"name":"Karolyn Jukic"}]},{"@type":"WebSite","@id":"https:\/\/www.algebris.com\/de\/#website","url":"https:\/\/www.algebris.com\/de\/","name":"Algebris Investments","description":"","publisher":{"@id":"https:\/\/www.algebris.com\/de\/#organization"},"potentialAction":[{"@type":"SearchAction","target":{"@type":"EntryPoint","urlTemplate":"https:\/\/www.algebris.com\/de\/?s={search_term_string}"},"query-input":{"@type":"PropertyValueSpecification","valueRequired":true,"valueName":"search_term_string"}}],"inLanguage":"de-DE"},{"@type":"Organization","@id":"https:\/\/www.algebris.com\/de\/#organization","name":"Algebris Investments","url":"https:\/\/www.algebris.com\/de\/","logo":{"@type":"ImageObject","inLanguage":"de-DE","@id":"https:\/\/www.algebris.com\/de\/#\/schema\/logo\/image\/","url":"https:\/\/media.algebris.com\/content\/cropped-logo1.png","contentUrl":"https:\/\/media.algebris.com\/content\/cropped-logo1.png","width":250,"height":78,"caption":"Algebris Investments"},"image":{"@id":"https:\/\/www.algebris.com\/de\/#\/schema\/logo\/image\/"},"sameAs":["https:\/\/www.linkedin.com\/company\/algebris-investments\/about\/","https:\/\/www.youtube.com\/channel\/UC_MiRdysidJhtSWRVxtH-3g\/featured"]}]}},"_links":{"self":[{"href":"https:\/\/www.algebris.com\/de\/wp-json\/wp\/v2\/person\/14107","targetHints":{"allow":["GET"]}}],"collection":[{"href":"https:\/\/www.algebris.com\/de\/wp-json\/wp\/v2\/person"}],"about":[{"href":"https:\/\/www.algebris.com\/de\/wp-json\/wp\/v2\/types\/person"}],"wp:featuredmedia":[{"embeddable":true,"href":"https:\/\/www.algebris.com\/de\/wp-json\/wp\/v2\/media\/18600"}],"wp:attachment":[{"href":"https:\/\/www.algebris.com\/de\/wp-json\/wp\/v2\/media?parent=14107"}],"wp:term":[{"taxonomy":"person_taxonomy","embeddable":true,"href":"https:\/\/www.algebris.com\/de\/wp-json\/wp\/v2\/person_taxonomy?post=14107"}],"curies":[{"name":"wp","href":"https:\/\/api.w.org\/{rel}","templated":true}]}}

<p>Karolyn kam als Business Development Director für DACH im Jahr 2022 zu Algebris. Im August 2023 wurde sie zum CEO des Büros von Algebris in Zürich ernannt.</p>



<p>Zuvor war Karolyn als Managing Director bei Capital Group tätig, wo sie die Betreuung deutscher Finanzintermediäre wie Banken, Dachfonds, Vermögensverwalter, Versicherungsgesellschaften und Family Offices leitete. Vor ihrer Tätigkeit bei Capital Group war Karolyn über 10 Jahre bei GAM als Executive Director für die Entwicklung der Vertriebsstrategie für Deutschland sowie für die Beziehungen des Unternehmens zu Intermediären und institutionellen Kunden verantwortlich.</p>



<p>Karolyn begann ihre Karriere bei der Deutschen Bank und verfügt über mehr als 25 Jahre Erfahrung in der deutschen Asset Management Branche.</p>



<p>Karolyn spricht Deutsch, Englisch, Kroatisch und hat Grundkenntnisse in Französisch. Sie liebt Reisen, Kunst, verschiedene Sportarten und kocht gerne für Familie und Freunde.</p>

<!-- This site is optimized with the Yoast SEO plugin v27.1.1 - https://yoast.com/product/yoast-seo-wordpress/ -->
<title>Karolyn Jukic - Algebris Investments</title>
<meta name="robots" content="index, follow, max-snippet:-1, max-image-preview:large, max-video-preview:-1" />
<link rel="canonical" href="https://www.algebris.com/de/algebris-team/karolyn-jukic/" />
<meta property="og:locale" content="de_DE" />
<meta property="og:type" content="article" />
<meta property="og:title" content="Karolyn Jukic - Algebris Investments" />
<meta property="og:description" content="Karolyn kam als Business Development Director für DACH im Jahr 2022 zu Algebris. Im August 2023 wurde sie zum CEO des Büros von Algebris in Zürich ernannt. Zuvor war Karolyn als Managing Director bei Capital Group tätig, wo sie die Betreuung deutscher Finanzintermediäre wie Banken, Dachfonds, Vermögensverwalter, Versicherungsgesellschaften und Family Offices leitete. Vor ihrer Tätigkeit [&hellip;]" />
<meta property="og:url" content="https://www.algebris.com/de/algebris-team/karolyn-jukic/" />
<meta property="og:site_name" content="Algebris Investments" />
<meta property="article:modified_time" content="2025-02-19T11:08:57+00:00" />
<meta property="og:image" content="https://media.algebris.com/content/Karolyn-Krekic_03_blackSquare.jpg" />
	<meta property="og:image:width" content="800" />
	<meta property="og:image:height" content="800" />
	<meta property="og:image:type" content="image/jpeg" />
<meta name="twitter:card" content="summary_large_image" />
<meta name="twitter:label1" content="Est. reading time" />
	<meta name="twitter:data1" content="1 minute" />
<script type="application/ld+json" class="yoast-schema-graph">{"@context":"https://schema.org","@graph":[{"@type":"WebPage","@id":"https://www.algebris.com/de/algebris-team/karolyn-jukic/","url":"https://www.algebris.com/de/algebris-team/karolyn-jukic/","name":"Karolyn Jukic - Algebris Investments","isPartOf":{"@id":"https://www.algebris.com/de/#website"},"primaryImageOfPage":{"@id":"https://www.algebris.com/de/algebris-team/karolyn-jukic/#primaryimage"},"image":{"@id":"https://www.algebris.com/de/algebris-team/karolyn-jukic/#primaryimage"},"thumbnailUrl":"https://media.algebris.com/content/Karolyn-Krekic_03_blackSquare.jpg","datePublished":"2022-05-24T07:04:00+00:00","dateModified":"2025-02-19T11:08:57+00:00","breadcrumb":{"@id":"https://www.algebris.com/de/algebris-team/karolyn-jukic/#breadcrumb"},"inLanguage":"de-DE","potentialAction":[{"@type":"ReadAction","target":["https://www.algebris.com/de/algebris-team/karolyn-jukic/"]}]},{"@type":"ImageObject","inLanguage":"de-DE","@id":"https://www.algebris.com/de/algebris-team/karolyn-jukic/#primaryimage","url":"https://media.algebris.com/content/Karolyn-Krekic_03_blackSquare.jpg","contentUrl":"https://media.algebris.com/content/Karolyn-Krekic_03_blackSquare.jpg","width":800,"height":800},{"@type":"BreadcrumbList","@id":"https://www.algebris.com/de/algebris-team/karolyn-jukic/#breadcrumb","itemListElement":[{"@type":"ListItem","position":1,"name":"Home","item":"https://www.algebris.com/de/"},{"@type":"ListItem","position":2,"name":"Team","item":"https://www.algebris.com/de/algebris-team/"},{"@type":"ListItem","position":3,"name":"Karolyn Jukic"}]},{"@type":"WebSite","@id":"https://www.algebris.com/de/#website","url":"https://www.algebris.com/de/","name":"Algebris Investments","description":"","publisher":{"@id":"https://www.algebris.com/de/#organization"},"potentialAction":[{"@type":"SearchAction","target":{"@type":"EntryPoint","urlTemplate":"https://www.algebris.com/de/?s={search_term_string}"},"query-input":{"@type":"PropertyValueSpecification","valueRequired":true,"valueName":"search_term_string"}}],"inLanguage":"de-DE"},{"@type":"Organization","@id":"https://www.algebris.com/de/#organization","name":"Algebris Investments","url":"https://www.algebris.com/de/","logo":{"@type":"ImageObject","inLanguage":"de-DE","@id":"https://www.algebris.com/de/#/schema/logo/image/","url":"https://media.algebris.com/content/cropped-logo1.png","contentUrl":"https://media.algebris.com/content/cropped-logo1.png","width":250,"height":78,"caption":"Algebris Investments"},"image":{"@id":"https://www.algebris.com/de/#/schema/logo/image/"},"sameAs":["https://www.linkedin.com/company/algebris-investments/about/","https://www.youtube.com/channel/UC_MiRdysidJhtSWRVxtH-3g/featured"]}]}</script>
<!-- / Yoast SEO plugin. -->

Karolyn kam als Business Development Director für DACH im Jahr 2022 zu Algebris. Im August 2023 wurde sie zum CEO des Büros von Algebris in Zürich ernannt. Zuvor war Karolyn als Managing Director bei Capital Group tätig, wo sie die Betreuung deutscher Finanzintermediäre wie Banken, Dachfonds, Vermögensverwalter, Versicherungsgesellschaften und Family Offices leitete. Vor ihrer Tätigkeit [&hellip;]
